Raporty klimatyczne NOAA

Wybierz Rok lub Miesiąc raportu
V/Λ2018 > Jan Feb Mar Apr May Jun Jul Aug Sep Oct Nov Dec
V/Λ2017 > Jan Feb Mar Apr May Jun Jul Aug Sep Oct Nov Dec
V/Λ2016 > Jan Feb Mar Apr May Jun Jul Aug Sep Oct Nov Dec
V/Λ2015 > Jan Feb Mar Apr May Jun Jul Aug Sep Oct Nov Dec
V/Λ2014 > Jan Feb Mar Apr May Jun Jul Aug Sep Oct Nov Dec
V/Λ2013 > Jan Feb Mar Apr May Jun Jul Aug Sep Oct Nov Dec
V/Λ2012 > Jan Feb Mar Apr May Jun Jul Aug Sep Oct Nov Dec

Report for 2018 Apr
                   Monthly Climatological Summary for kwi 2018

Name: NIESIOŁOWICE-na Kaszubach   City: NIESIOŁOWICE   State: Pomorskie (PL)
Elevation: 186 m  Lat: N 54° 12' 24"   Lon: E 017° 51' 01"

                  Temperature (°C), Rain (mm), Wind Speed (km/h)

                                      Heat  Cool        Avg
    Mean                              Deg   Deg         Wind                 Dom
Day Temp  High   Time   Low    Time   Days  Days  Rain  Speed High   Time    Dir
----------------------------------------------------------------------------------
 1   3,1   5,3   13:17   0,8   23:34  15,2   0,0  16,2  12,5  40,3   23:59    NE
 2   1,8   5,7   17:41  -1,1   23:55  16,5   0,0   0,9  17,1  52,6   04:38    NW
 3   4,3  10,7   15:56  -2,6   03:00  14,0   0,0   0,3   5,5  25,6   10:22     S
 4  11,6  20,8   15:47   5,0   02:20   7,0   0,3   0,3   6,5  29,5   13:09     S
 5  10,8  15,4   15:43   7,4   03:01   7,5   0,0   0,3  10,2  57,6   19:37   WSW
 6   5,1   8,2   00:00   0,2   23:59  13,2   0,0   0,3  19,3  66,2   11:04     W
 7   7,4  16,7   17:20  -1,8   05:43  10,9   0,0   0,0   8,7  35,6   13:10   SSE
 8  13,5  22,1   18:37   6,0   06:18   5,5   0,6   0,0   9,2  42,8   12:11   SSW
 9  13,8  20,9   17:18   8,7   06:07   4,8   0,4   0,6   5,1  30,6   15:01   WSW
10  10,8  18,3   13:27   5,7   04:58   7,5   0,0   0,0  11,8  37,8   17:46     E
11   8,0  12,6   17:36   5,2   08:36  10,3   0,0   0,0  16,6  40,3   04:03     E
12  12,1  18,1   16:03   6,4   06:07   6,2   0,0   0,0  13,8  36,7   13:38   ESE
13  16,2  24,3   17:24   9,7   06:29   3,3   1,2   0,0  14,8  45,4   16:08   ESE
14  13,8  17,3   12:26   9,8   23:52   4,5   0,0   2,1   8,9  34,2   14:33     S
15  14,0  22,0   17:02   6,3   05:53   5,0   0,7   0,3   4,4  33,1   16:38   SSE
16  13,3  17,7   16:15   9,2   23:52   5,0   0,0   7,8   2,6  18,4   20:29    NW
17   9,9  14,6   15:18   7,0   23:40   8,4   0,0   2,1  11,3  34,2   13:37    NW
18  12,3  19,5   17:54   5,8   05:35   6,1   0,1   0,0   9,8  41,8   16:42   WNW
19  13,5  18,9   18:28   8,8   06:03   4,8   0,0   0,0   7,2  25,6   11:07   NNW
20  15,3  24,7   18:11   5,8   05:49   4,5   1,4   0,0   8,4  34,2   14:06   SSW
21  13,9  17,0   00:43   8,4   23:58   4,4   0,0   0,0  14,7  51,5   10:13   WNW
22  11,0  16,5   17:37   5,9   05:34   7,3   0,0   0,0   8,6  29,5   09:44   NNW
23  11,0  21,2   15:17   4,9   03:39   7,4   0,1   3,3   7,7  49,0   15:56    SW
24  10,8  14,7   16:55   6,6   05:45   7,5   0,0   0,0  15,9  45,4   21:45   WSW
25  10,0  15,3   15:14   6,4   21:31   8,3   0,0  10,2  13,8  69,8   16:07   WSW
----------------------------------------------------------------------------------
    10,7  24,7    20    -2,6     3   195,1   4,8  44,7  10,6  69,8    25     WSW

Max >=  20,0:  7
Max <=   0,0:  0
Min <=   0,0:  3
Min <= -10,0:  0
Max Rain: 16,2 on day 1
Days of Rain: 13 (>= 0,2 mm)  6 (>= 2,0 mm)  0 (>= 20,0 mm)
Heat Base: 18,3  Cool Base: 18,3  Method: Integration