Raporty klimatyczne NOAA

Wybierz Rok lub Miesiąc raportu
V/Λ2019 > Jan Feb Mar Apr May Jun Jul Aug Sep Oct Nov Dec
V/Λ2018 > Jan Feb Mar Apr May Jun Jul Aug Sep Oct Nov Dec
V/Λ2017 > Jan Feb Mar Apr May Jun Jul Aug Sep Oct Nov Dec
V/Λ2016 > Jan Feb Mar Apr May Jun Jul Aug Sep Oct Nov Dec
V/Λ2015 > Jan Feb Mar Apr May Jun Jul Aug Sep Oct Nov Dec
V/Λ2014 > Jan Feb Mar Apr May Jun Jul Aug Sep Oct Nov Dec
V/Λ2013 > Jan Feb Mar Apr May Jun Jul Aug Sep Oct Nov Dec
V/Λ2012 > Jan Feb Mar Apr May Jun Jul Aug Sep Oct Nov Dec

Report for 2019 Apr
                   Monthly Climatological Summary for kwi 2019

Name: NIESIOŁOWICE-na Kaszubach   City: NIESIOŁOWICE   State: Pomorskie (PL)
Elevation: 186 m  Lat: N 54° 12' 24"   Lon: E 017° 51' 01"

                  Temperature (°C), Rain (mm), Wind Speed (km/h)

                                      Heat  Cool        Avg
    Mean                              Deg   Deg         Wind                 Dom
Day Temp  High   Time   Low    Time   Days  Days  Rain  Speed High   Time    Dir
----------------------------------------------------------------------------------
 1   4,2  10,9   18:03  -1,6   06:50  14,1   0,0   0,0   5,5  23,4   19:48   ESE
 2   6,0  12,2   17:41  -0,2   04:11  12,5   0,0   0,0  13,0  50,0   13:03    SE
 3   9,4  16,0   15:35   3,7   06:08   8,9   0,0   0,0  14,3  46,4   15:22    SE
 4  11,1  17,6   17:04   6,0   06:41   7,2   0,0   0,0  13,8  39,2   14:05    SE
 5  12,4  19,4   17:15   6,1   06:21   6,0   0,1   0,0   9,3  30,6   14:39    SE
 6  12,0  19,1   18:02   6,5   23:56   6,3   0,0   0,0   8,7  28,1   11:23   ESE
 7   9,9  17,3   16:44   2,6   06:06   8,4   0,0   0,0   4,2  28,1   17:45   NNE
 8   5,3  10,6   10:06   1,3   06:15  13,0   0,0   0,0   9,6  34,2   14:52   ENE
 9   3,2   5,9   15:19  -1,5   23:56  15,1   0,0   0,0  10,2  29,5   18:47    NE
10   2,4   6,0   17:57  -2,0   01:15  15,9   0,0   0,0   8,1  29,5   15:15   NNE
11   1,4   3,2   12:12  -0,3   00:54  16,9   0,0   0,0   9,4  24,5   10:15    NE
12   1,7   3,6   15:02   0,4   23:40  16,6   0,0   0,0  11,7  31,7   16:37   ENE
13   2,3   5,7   17:32  -1,2   05:26  16,0   0,0   0,0  12,3  36,7   09:20     E
14   5,6   9,7   12:14   2,3   23:59  12,7   0,0   0,0  14,4  37,8   11:51     E
15   5,3  10,1   14:06   1,0   23:49  13,0   0,0   0,0  10,8  33,1   15:06   ENE
16   6,8  12,5   14:46   0,5   01:14  11,5   0,0   0,0  10,2  35,6   15:14   ESE
17  10,4  17,1   14:50   2,0   06:09   7,9   0,0   0,0   8,7  31,7   13:58   ENE
18  11,4  18,3   13:59   3,7   05:51   6,9   0,0   0,0   7,8  31,7   17:06     E
19  10,6  19,6   16:12   1,0   05:57   7,9   0,2   0,0   5,0  27,0   16:20   ENE
20  10,2  16,6   13:50   1,7   03:19   8,1   0,0   0,0   8,9  37,8   12:04   NNE
21  10,7  17,2   13:53   3,2   05:56   7,6   0,0   0,0   9,4  41,8   13:59   NNW
22  11,2  19,6   17:55   2,9   04:19   7,1   0,0   0,0  10,2  37,8   12:42    SE
----------------------------------------------------------------------------------
     7,4  19,6    19    -2,0    10   239,6   0,3   0,0   9,8  50,0     2       E

Max >=  20,0:  0
Max <=   0,0:  0
Min <=   0,0:  6
Min <= -10,0:  0
Max Rain: 0,0 on day 0
Days of Rain: 0 (>= 0,2 mm)  0 (>= 2,0 mm)  0 (>= 20,0 mm)
Heat Base: 18,3  Cool Base: 18,3  Method: Integration