Raporty klimatyczne NOAA
Wybierz Rok lub Miesiąc raportu
Report for 2024 Mar
Monthly Climatological Summary for mar 2024 Name: NIESIOŁOWICE-na Kaszubach City: NIESIOŁOWICE State: Pomorskie (PL) Elevation: 186 m Lat: N 54° 12' 24" Lon: E 017° 51' 01" Temperature (°C), Rain (mm), Wind Speed (km/h) Heat Cool Avg Mean Deg Deg Wind Dom Day Temp High Time Low Time Days Days Rain Speed High Time Dir ---------------------------------------------------------------------------------- 1 8,9 12,4 14:09 7,0 00:00 9,4 0,0 0,0 9,1 29,5 02:17 SE 2 8,5 12,3 14:29 6,7 05:09 9,8 0,0 0,6 7,4 23,4 12:26 SE 3 8,4 13,0 14:14 5,3 23:39 9,9 0,0 0,0 6,0 24,5 12:57 SE 4 4,3 7,5 12:35 1,9 23:56 14,0 0,0 0,0 10,6 31,7 13:18 E 5 2,6 3,7 23:49 1,7 00:33 15,7 0,0 1,2 9,9 30,6 06:40 E 6 4,1 7,1 12:55 0,4 23:55 14,2 0,0 0,0 7,9 30,6 11:43 E 7 1,7 6,6 16:04 -2,1 23:53 16,6 0,0 0,0 4,5 23,4 15:23 E 8 0,9 8,1 16:53 -4,4 06:26 17,4 0,0 0,0 0,8 13,3 16:02 ESE 9 1,4 7,3 14:40 -2,2 03:36 16,9 0,0 0,0 6,3 25,6 14:07 ESE 10 4,0 9,2 15:58 -0,2 04:27 14,3 0,0 0,0 11,2 42,8 13:06 ESE 11 2,9 3,7 23:36 2,3 12:12 15,4 0,0 6,3 7,0 39,2 10:07 SE 12 5,5 7,3 14:02 3,7 00:00 12,8 0,0 0,3 1,9 13,3 02:32 SSE 13 5,1 8,8 16:31 2,1 23:04 13,2 0,0 0,0 3,0 14,8 03:28 WNW 14 7,6 12,5 13:29 2,3 00:00 10,7 0,0 0,0 5,9 31,7 12:05 SW 15 11,0 15,1 14:56 8,0 04:38 7,3 0,0 0,0 5,9 37,8 16:07 SSW 16 8,0 14,3 13:44 4,5 22:52 10,3 0,0 0,9 10,7 55,1 14:37 WSW 17 1,2 4,9 00:55 -0,7 22:47 17,1 0,0 2,4 15,3 47,9 02:29 NW 18 0,8 2,7 13:36 -1,0 23:56 17,5 0,0 0,0 9,6 31,7 01:52 N ---------------------------------------------------------------------------------- 4,8 15,1 15 -4,4 8 242,5 0,0 11,7 7,4 55,1 16 ESE Max >= 20,0: 0 Max <= 0,0: 0 Min <= 0,0: 6 Min <= -10,0: 0 Max Rain: 6,3 on day 11 Days of Rain: 6 (>= 0,2 mm) 2 (>= 2,0 mm) 0 (>= 20,0 mm) Heat Base: 18,3 Cool Base: 18,3 Method: Integration