Raporty klimatyczne NOAA
Wybierz Rok lub Miesiąc raportu
Report for 2022 Apr
Monthly Climatological Summary for kwi 2022 Name: NIESIOŁOWICE-na Kaszubach City: NIESIOŁOWICE State: Pomorskie (PL) Elevation: 186 m Lat: N 54° 12' 24" Lon: E 017° 51' 01" Temperature (°C), Rain (mm), Wind Speed (km/h) Heat Cool Avg Mean Deg Deg Wind Dom Day Temp High Time Low Time Days Days Rain Speed High Time Dir ---------------------------------------------------------------------------------- 1 1,1 3,6 14:09 -0,9 05:06 17,2 0,0 0,0 17,5 54,0 15:26 ENE 2 1,0 3,7 13:09 -1,0 23:51 17,3 0,0 0,0 17,4 52,6 09:05 NNE 3 1,3 4,7 13:23 -2,5 06:20 17,0 0,0 0,0 7,3 36,7 14:04 NW 4 2,9 7,0 13:50 0,5 00:20 15,4 0,0 6,0 22,9 66,2 17:25 SW 5 3,3 5,5 17:49 1,7 16:02 15,0 0,0 3,6 18,4 55,1 01:56 W 6 5,0 8,4 16:37 1,7 05:12 13,3 0,0 2,4 10,8 45,4 17:17 SW 7 9,4 14,4 14:38 5,4 23:25 8,9 0,0 4,8 18,1 60,1 20:13 SSW 8 5,5 8,9 17:32 2,4 23:58 12,8 0,0 0,9 20,8 73,4 10:27 WSW 9 4,0 8,0 18:15 0,5 04:34 14,3 0,0 0,0 15,8 57,6 10:02 WSW 10 4,3 7,3 16:33 1,9 23:20 14,1 0,0 0,6 19,5 61,2 15:15 WSW 11 3,3 6,9 17:08 -0,8 23:52 15,0 0,0 0,0 9,2 36,7 10:56 W 12 4,8 14,8 17:51 -2,9 05:56 13,5 0,0 0,0 2,2 20,9 18:51 S 13 8,5 16,6 17:14 0,7 05:57 9,8 0,0 0,0 4,5 30,6 11:31 SSE 14 10,7 17,0 13:52 5,4 06:35 7,6 0,0 0,3 2,7 24,5 15:21 WNW 15 6,7 9,8 01:42 2,6 22:41 11,6 0,0 2,1 10,7 41,8 18:38 NNE 16 5,1 8,5 13:59 1,8 23:48 13,2 0,0 0,0 13,2 36,7 14:35 NNE 17 6,4 12,4 17:06 0,7 02:27 11,9 0,0 0,0 5,4 31,7 17:35 NNE 18 5,8 12,0 16:35 -0,6 05:12 12,5 0,0 0,0 6,9 30,6 14:48 ENE 19 7,0 10,9 15:30 2,4 04:05 11,3 0,0 0,0 11,4 45,4 09:11 ENE 20 9,4 14,1 13:04 5,3 03:46 8,9 0,0 0,0 11,8 51,5 11:55 NE 21 11,9 16,3 18:39 8,0 02:56 6,4 0,0 0,0 7,6 37,8 11:36 ENE 22 11,6 16,4 15:38 6,7 23:53 6,7 0,0 0,0 12,1 40,3 17:48 ESE 23 9,6 14,7 14:12 3,9 05:00 8,7 0,0 0,0 8,2 35,6 11:56 NE 24 8,0 16,0 13:44 3,8 03:57 10,3 0,0 0,0 11,2 34,2 16:53 NE 25 5,5 6,6 12:29 4,5 23:59 12,8 0,0 0,0 9,5 24,5 13:51 N 26 7,9 13,5 15:38 0,8 05:23 10,4 0,0 0,0 5,3 28,1 13:37 NNW 27 6,9 13,4 15:36 1,0 05:43 11,4 0,0 0,0 8,3 35,6 16:39 E 28 8,4 14,7 18:34 3,4 02:35 9,9 0,0 0,3 4,2 23,4 14:04 NNE 29 8,3 15,2 18:21 1,2 04:53 10,0 0,0 0,0 4,8 27,0 14:36 N 30 9,9 17,1 14:58 0,7 05:36 8,4 0,0 0,0 3,3 20,9 09:58 SSE ---------------------------------------------------------------------------------- 6,4 17,1 30 -2,9 12 355,6 0,0 21,0 10,7 73,4 8 NNW Max >= 20,0: 0 Max <= 0,0: 0 Min <= 0,0: 6 Min <= -10,0: 0 Max Rain: 6,0 on day 4 Days of Rain: 9 (>= 0,2 mm) 5 (>= 2,0 mm) 0 (>= 20,0 mm) Heat Base: 18,3 Cool Base: 18,3 Method: Integration