Raporty klimatyczne NOAA

Wybierz Rok lub Miesiąc raportu

Report for 2024 May
                   Monthly Climatological Summary for maj 2024

Name: NIESIOŁOWICE-na Kaszubach   City: NIESIOŁOWICE   State: Pomorskie (PL)
Elevation: 186 m  Lat: N 54° 12' 24"   Lon: E 017° 51' 01"

                  Temperature (°C), Rain (mm), Wind Speed (km/h)

                                      Heat  Cool        Avg
    Mean                              Deg   Deg         Wind                 Dom
Day Temp  High   Time   Low    Time   Days  Days  Rain  Speed High   Time    Dir
----------------------------------------------------------------------------------
 1  19,6  26,8   19:00  12,7   05:19   1,4   2,6   0,0   4,0  29,5   13:44    SE
 2  19,9  26,8   17:59  12,9   05:33   1,2   2,7   0,0   3,0  35,6   11:58    SE
 3  20,3  28,5   17:29  12,2   05:30   1,4   3,4   0,0   0,5  30,6   11:55    SE
 4  18,1  25,0   14:05  11,6   05:04   2,3   2,1   0,0   0,8  29,5   16:40     N
 5  16,1  25,7   13:24  11,1   04:43   3,3   1,1   6,6   1,1  49,0   14:44    SW
 6  12,1  14,6   13:11   9,3   23:49   6,2   0,0   2,4   1,5  23,4   10:42   WNW
 7  10,2  14,8   17:51   4,8   23:59   8,1   0,0   0,0   4,6  36,7   07:53   NNE
 8   8,7  14,7   18:17   2,1   04:54   9,6   0,0   0,0   0,4  30,6   14:04   ENE
 9  10,8  18,9   17:35   2,7   03:44   7,5   0,0   0,0   0,6  28,1   16:43   WNW
10  11,5  15,0   11:46   8,5   00:19   6,8   0,0   0,6   0,7  35,6   12:12   WNW
11  10,9  15,6   19:00   5,0   23:59   7,4   0,0   0,0   0,5  28,1   14:22     E
12  10,4  18,6   18:19   2,0   04:50   7,9   0,0   0,0   0,3  22,0   17:34     E
13  12,8  21,5   18:48   3,5   04:39   5,9   0,5   0,0   0,4  28,1   13:12   ESE
14  15,6  22,9   18:22   7,7   04:58   3,8   1,1   0,0   0,6  30,6   19:47   ESE
15  16,8  24,0   18:58  10,4   04:42   2,8   1,3   0,0   1,3  39,2   12:47    SE
16  16,8  23,9   18:46  10,4   04:18   2,7   1,2   0,0   1,2  40,3   10:58    SE
17  17,4  24,6   18:16  11,1   05:00   2,4   1,5   0,0   0,8  39,2   11:52    SE
18  18,8  26,0   19:14  11,7   05:06   1,9   2,4   0,0   0,4  33,1   14:13    SE
19  17,4  23,5   13:48  12,5   02:35   2,1   1,2   0,9   0,0  18,4   16:37    SE
20  17,5  24,2   15:18  13,6   04:30   1,9   1,1  11,4   0,0  12,2   13:43   WSW
21  19,2  24,8   14:04  13,2   04:19   1,5   2,4   0,0   3,3  30,6   15:24     E
22  20,7  25,9   18:26  15,1   04:48   0,7   3,1   0,0   1,1  39,2   14:31   ESE
23  18,3  21,8   10:07  15,6   23:56   0,6   0,6   2,4   0,1  18,4   07:16    SE
24  17,4  23,1   18:39  14,4   04:33   1,8   0,8   4,8   0,0  17,3   21:10   NNE
25  19,8  28,1   17:53  12,8   04:07   1,4   2,9   0,0   1,7  22,0   12:51    SE
26  20,7  29,1   18:11  15,3   04:46   0,6   3,0   0,0   2,2  23,4   18:18    SE
27  21,2  28,3   16:34  15,2   04:08   0,7   3,6   0,9   1,3  40,3   19:10   SSE
28  19,5  28,4   15:52  14,1   04:44   1,4   2,7   0,9   1,1  42,8   16:17     S
29  17,7  23,0   18:44  13,8   05:36   1,9   1,3   0,3   0,0  17,3   14:18    SE
30  17,6  23,7   12:08  12,4   04:30   1,8   1,1   3,9   2,8  23,4   17:13     E
31  19,0  25,2   13:38  13,6   04:13   1,2   1,9   1,5   5,5  25,6   17:09   ESE
----------------------------------------------------------------------------------
    16,5  29,1    26     2,0    12   100,2  45,6  36,6   1,4  49,0     5     ESE

Max >=  20,0: 24
Max <=   0,0:  0
Min <=   0,0:  0
Min <= -10,0:  0
Max Rain: 11,4 on day 20
Days of Rain: 12 (>= 0,2 mm)  6 (>= 2,0 mm)  0 (>= 20,0 mm)
Heat Base: 18,3  Cool Base: 18,3  Method: Integration