Raporty klimatyczne NOAA

Wybierz Rok lub Miesiąc raportu

Report for 2024 Jun
                   Monthly Climatological Summary for cze 2024

Name: NIESIOŁOWICE-na Kaszubach   City: NIESIOŁOWICE   State: Pomorskie (PL)
Elevation: 186 m  Lat: N 54° 12' 24"   Lon: E 017° 51' 01"

                  Temperature (°C), Rain (mm), Wind Speed (km/h)

                                      Heat  Cool        Avg
    Mean                              Deg   Deg         Wind                 Dom
Day Temp  High   Time   Low    Time   Days  Days  Rain  Speed High   Time    Dir
----------------------------------------------------------------------------------
 1  19,9  26,0   18:40  13,8   04:40   1,1   2,6   0,0   4,6  24,5   18:32    NE
 2  18,6  22,9   18:27  15,1   05:38   1,2   1,6   0,0   9,9  29,5   15:15   NNW
 3  15,6  18,2   10:46  12,7   23:19   2,7   0,0   0,0  10,5  29,5   14:24   WNW
 4  17,4  24,4   18:46  12,5   00:19   2,0   1,1   0,0   8,7  25,6   08:17    NW
 5  16,6  24,5   15:15  11,3   04:36   2,7   1,1   2,1   7,2  31,7   09:55     W
 6  14,4  18,3   12:39   9,8   23:57   3,9   0,0   1,8   5,4  20,9   10:23   WNW
 7  13,0  18,6   14:53   7,7   03:57   5,3   0,0   1,2   2,9  37,8   15:35     S
 8  16,7  24,9   18:14  10,0   04:11   2,9   1,4   0,0   7,3  34,2   11:04    SW
 9  14,7  20,5   18:46  11,2   23:58   3,7   0,1   0,9  11,5  42,8   15:58     W
10  14,4  19,8   18:50   7,7   03:27   4,0   0,1   0,0   7,6  36,7   14:22     W
11  13,2  17,4   11:17  10,3   23:57   5,0   0,0   3,0  11,0  55,1   17:06   WSW
12  13,1  19,5   19:55   8,5   04:34   5,2   0,0   0,3   9,9  37,8   13:50     W
13  12,3  21,3   20:28   6,7   04:35   6,1   0,1   2,7   4,8  30,6   09:43   WSW
14  13,9  19,8   18:34   5,9   04:43   4,6   0,2   0,3   3,8  22,0   16:22   SSW
15  17,7  25,4   14:26  11,0   04:28   2,2   1,5   4,2   6,9  34,2   12:30   SSE
16  17,4  22,9   16:20  12,6   04:52   1,9   1,0   0,0   3,4  19,4   16:09   ESE
17  19,2  25,5   12:45  14,7   05:22   1,0   2,0   2,7   5,0  27,0   12:22   SSW
18  19,9  25,7   18:21  14,8   04:20   0,9   2,5   0,0   5,9  30,6   13:09    NW
19  15,7  17,9   15:17  12,5   23:57   2,6   0,0   2,1  10,4  30,6   19:50   WNW
20  16,3  22,9   17:47  11,7   04:12   2,8   0,8   0,0  11,3  34,2   13:56     W
21  18,5  29,4   17:57   9,4   05:03   2,4   2,6   0,0   4,4  25,6   18:39   SSE
22  18,3  22,8   12:06  14,4   23:53   0,9   0,9   7,8   9,8  43,9   19:04   WSW
23  14,6  16,0   13:24  14,0   06:19   3,7   0,0   1,2  16,3  43,9   11:40     W
24  17,8  24,8   20:24  13,9   02:12   1,8   1,3   0,0   8,2  23,4   12:10    NW
25  19,7  28,9   18:32  11,3   04:15   1,8   3,2   0,0   5,1  23,4   17:13   ESE
26  23,2  32,5   18:17  15,1   03:33   0,7   5,6   0,0   6,9  28,1   15:59   ESE
27  26,1  33,7   18:09  18,5   04:01   0,0   7,8   0,0   6,9  28,1   12:02    SE
28  22,6  30,1   13:03  16,8   23:58   0,0   4,4  14,1   7,2  35,6   17:18    SW
29  19,8  26,2   16:29  14,4   04:40   1,1   2,5   0,0   8,1  29,5   11:53   WSW
30  22,9  32,8   15:56  16,7   00:52   0,3   4,9   6,9   9,9  79,6   16:50     S
----------------------------------------------------------------------------------
    17,5  33,7    27     5,9    14    74,5  49,3  51,3   7,7  79,6    30       W

Max >=  20,0: 21
Max <=   0,0:  0
Min <=   0,0:  0
Min <= -10,0:  0
Max Rain: 14,1 on day 28
Days of Rain: 15 (>= 0,2 mm)  9 (>= 2,0 mm)  0 (>= 20,0 mm)
Heat Base: 18,3  Cool Base: 18,3  Method: Integration